4)/(-42).
41
Let x be (-5 + 16)/(1/(-3)). Let m = x + 68. Let h(b) = -42*b - 31. What is the remainder when h(-4) is divided by m?
32
Let p = 850 - 800. Calculate the remainder when 246 is divided by p.
46
Suppose 8 = 9*y - 5*y. Suppose -41 = -g + 4*r, -3*g = -r - y*r - 132. Calculate the remainder when 615/g + 4/(-6) is divided by 3.
1
Let t(h) = 3*h**2 - 3*h + 2. Let k be t(1). Let w = 44 + k. Suppose 2*o = -o + 36. Calculate the remainder when w is divided by o.
10
Suppose -15*a + b = -12*a - 80, -3*a - 2*b = -65. Calculate the remainder when a is divided by 13.
12
Let m(b) = -3*b + 1. Let w be m(1). What is the remainder when (-3)/(((-2)/(-7))/w) is divided by (-30)/1*2/(-5)?
9
Let a = 505 + -280. Let i(y) = -21*y + 456. What is the remainder when a is divided by i(19)?
54
Let i(t) = t**3 + 6*t**2 + 2*t - 18. Let k be i(-5). Let p = 468 + -324. Calculate the remainder when 26 is divided by k/15 - p/(-20).
5
Suppose 5*m = 3*m + 4*h - 12, -3*m + 4*h = 10. What is the remainder when 30 is divided by m/((-5)/2*2)*-30?
6
Suppose 4*r + 43 = 3*k, 8*k - 2*r + 37 = 11*k. What is the remainder when 41 is divided by k?
2
Suppose -9 - 6 = -5*b. Let i(j) = -2*j + 34. Calculate the remainder when i(b) is divided by 5.
3
Let c(o) be the second derivative of -5*o**3/6 - 9*o**2 + 32*o. Calculate the remainder when 27 is divided by c(-5).
6
Let z = 3426 - 3400. Suppose -g + 2*g - 64 = 0. Calculate the remainder when g is divided by z.
12
Let s = -24 + 123. Suppose 4*k - 3*k = s. Calculate the remainder when k is divided by 3/(-2)*100/(-6).
24
Let s = 64 - 43. Let y(d) = -d**3 - 10*d**2 - 10*d - 15. Let l be y(-10). Let j = l + -4. What is the remainder when j is divided by s?
18
Suppose -4*x + 462 = 5*z - 277, -2*z = 4*x - 742. Suppose 10*c + 65 - 535 = 0. What is the remainder when x is divided by c?
45
Suppose -d + 15 = 34. Let o = 25 + d. What is the remainder when 17 is divided by o?
5
Suppose -o + 7 = -0*o. Let r = 104 + -101. Calculate the remainder when o is divided by r.
1
Let v = -51 + 58. Suppose 4*y - v*y + 189 = 0. Suppose -2*m - p + 38 = 3*p, -4*m + 37 = -5*p. Calculate the remainder when y is divided by m.
11
Let f(c) = -3*c. Let j be f(-4). Let q(t) = 4*t**2 - 26*t + 38. What is the remainder when q(6) is divided by 2/(-3) + 176/j?
12
Suppose 4*a + 5*z - 70 = 3*a, z + 1 = 0. Suppose 333*i - 7699 = 74*i - 965. What is the remainder when a is divided by i?
23
Suppose -5*l = -9 - 16. Suppose c - 20 = l*p, 2*p - 19 = -3*c - 2*c. Suppose -q + 0*q = -c. What is the remainder when 17 is divided by q?
2
Suppose 0 = -a - r + 10, a - r + 5*r - 16 = 0. Let z be (a/10)/(4/(-10)). Let b(d) = -6*d - 1. Calculate the remainder when 43 is divided by b(z).
10
Suppose 0 = 5*l + 2*l - 14. Let z(w) = 7*w**3 - 2*w**2. What is the remainder when z(l) is divided by 4 + -2 - 4*-2?
8
Suppose 0 = -5*d + 9 + 166. Suppose -2*a = 2*a + 5*w + 5, 5*a = w - 28. Let i(s) = -s**2 - 5*s + 9. What is the remainder when d is divided by i(a)?
8
Let p(o) = o**3 + 15*o**2 + 9*o - 34. Let q(n) = n**2 - 10*n - 5. Let b be q(9). Calculate the remainder when 69 is divided by p(b).
33
Suppose 5*x - 241 = 2*x - v, 3*x - 236 = -2*v. What is the remainder when x is divided by 34?
14
Let n(l) = -l**2 + 25*l + 2. Calculate the remainder when n(23) is divided by 6.
0
Suppose 101*z = 91*z + 530. What is the remainder when 273 is divided by z?
8
Suppose -23 = 4*u - 235. Let g(x) be the third derivative of 19*x**4/24 - 11*x**3/6 - 2*x**2. What is the remainder when u is divided by g(2)?
26
Let q = 548 - 536. Calculate the remainder when 1367 is divided by q.
11
Suppose 3*h = 5*o + 28, 3*o - 18 = -6*h + 2*h. Let i = 21 - h. Calculate the remainder when (29/5)/((-1)/(-5)) is divided by i.
14
Let a(x) = 2*x**2 + x - 29. What is the remainder when 58 is divided by a(4)?
2
Suppose -3*i + 236 = -6*k + 7*k, 2*i - 2*k = 152. Calculate the remainder when i is divided by 34.
10
Suppose 0 = 4*t + 2*t - 138. Let f be (-16)/8 - 1/1. What is the remainder when 65 - f - (0 + 2) is divided by t?
20
Calculate the remainder when 440 is divided by 12016/56 - 9/(-21).
10
Suppose 5 = 4*p - 3*t, -4 + 1 = -3*t. What is the remainder when (-120 - -2)*p/(-2) is divided by 24?
22
Suppose -39*r - 60 = -45*r. What is the remainder when 179 is divided by r?
9
Let j be 93 + -4 + 3 + -4. Suppose 107 - j = x. Let r(o) = o**2 + 4*o + 7. What is the remainder when x is divided by r(-5)?
7
Suppose 5*r - 4 = 6. Let c be 0*(-3)/6 + r. What is the remainder when 12 is divided by (-40)/(-12) + c/(-6)?
0
What is the remainder when 309 is divided by 1 - ((-75)/(-100) - 51/4)?
10
Let p = -624 + 899. Calculate the remainder when p is divided by 6.
5
Let a(c) = c. Let w(z) = z**2 - 3*z - 11. Let f(r) = 4*a(r) + w(r). Let y be f(6). Let l = -13 + y. Calculate the remainder when 71 is divided by l.
17
Let y = 4 - 13. Let d(l) = -4*l - 25. Suppose -2*c - 11 + 73 = 0. What is the remainder when c is divided by d(y)?
9
Suppose p = 2*p. Suppose -q + p = -1. Suppose -18 = -2*a + 5*k, -k - q = 1. Calculate the remainder when 6 is divided by a.
2
Suppose -4*h - 8 = -12. Suppose -3*t = -v + h, -2*v = -5*t - 5 - 2. What is the remainder when 31 is divided by v?
15
Let d be ((-24)/(-15))/(8/20). Suppose -d*x = -5*x. Let l = x - -5. What is the remainder when 7 is divided by l?
2
Let u = -64 - -71. Let w = 15 - u. Suppose 2*q - 3*q = -5. What is the remainder when w is divided by q?
3
Let s(h) = -h**3 - 19*h**2 + 16. Let k(j) = j**2 - 10*j + 2. Let u be k(7). Calculate the remainder when 27 is divided by s(u).
11
Suppose 17*p - 499 - 181 = 0. What is the remainder when 274 is divided by p?
34
What is the remainder when ((26/(-91))/(15/(-42)))/(4/50) is divided by (-2)/6 + (-16)/(-3)?
0
Suppose 33 = 5*s - 12. Suppose 0 = 255*o + 61*o - 948. Calculate the remainder when s is divided by o.
0
Let j(o) = o - 13. Let l be 84/(-24)*4/(-2). Let p be j(l). Let s = 3 - p. Calculate the remainder when 25 is divided by s.
7
Let r = 32 - 29. Suppose 0 = 3*c - r - 6, 2*a + 5 = 3*c. What is the remainder when 8 is divided by a?
0
Suppose 5*c = -3*l + 32, 0 = c - 3*l + 4 + 4. Let p = 7 + c. Calculate the remainder when 64 is divided by p.
9
Suppose -k + 27 - 4 = 0. Suppose 2*i + b - 1 = 23, 3*i = 5*b + k. Calculate the remainder when 29 is divided by i.
7
Let q = -1454 - -1475. Calculate the remainder when 91 is divided by q.
7
Let u(d) = d**2 + 19*d - 92. What is the remainder when u(-32) is divided by 3?
0
Let p = -70 + 102. Let c = -17 + p. What is the remainder when -87*(2 - 32/12) is divided by c?
13
Suppose -3*c + 152 = -4*b + 2*b, -2*b + 108 = 2*c. Let k = 691 - 670. Calculate the remainder when c is divided by k.
10
Let u be ((-781)/(-33))/((-3)/(-9)). Let a = u - 58. Calculate the remainder when 39 is divided by a.
0
Let t be 4 - 0 - (-2)/(-1). Calculate the remainder when 6 is divided by t/(1 - 2)*-1.
0
Suppose z = -4*z + 120. Suppose 0 = -5*p - m + 434, 0 = m + 4*m + 5. Suppose 0 = -2*t + 181 - p. Calculate the remainder when t is divided by z.
23
Let y = -34 - -68. What is the remainder when 135 is divided by y?
33
Let l(n) = 7*n**2 - 13. What is the remainder when l(3) is divided by 26?
24
Let p = 58 - 31. Suppose -5*n - 27 - p = -3*m, 3*m - n = 54. Calculate the remainder when 93 is divided by 20/(-15)*(0 - m).
21
Suppose 23*p - 154 = 651. What is the remainder when 93 is divided by p?
23
Suppose -36 = -t - 2*t. Let y(q) = 2*q + 6. Let v be y(0). Suppose 5*b + v*r - 106 = 4*r, r - 42 = -2*b. Calculate the remainder when b is divided by t.
10
Let d(n) = -7*n + 4. Let r be d(-2). Suppose 10 = -2*b + r. What is the remainder when 29 is divided by (-3)/b*(-26 - -6)?
14
Suppose 416*a + 12 = 418*a. What is the remainder when 21 is divided by a?
3
Suppose 7*z - 20*z + 533 = 0. Let q = 80 + -64. What is the remainder when z is divided by q?
9
Suppose 3*a + 90 = 327. Calculate the remainder when a is divided by 17.
11
Let w(l) = -9*l + 67. What is the remainder when w(2) is divided by 13?
10
Let x(n) be the third derivative of n**6/120 - 7*n**5/60 + 7*n**4/24 + 7*n**3/2 + 29*n**2. Calculate the remainder when x(7) is divided by 37.
33
Suppose -442 = -2*b - 4*y + 16, -2*y = 10. Calculate the remainder when b is divided by 10.
9
Let u(q) = -6 - 2*q + 4*q + 3 